the remainder when 58 is divided by 5.
3
What is the remainder when 5814 is divided by 16?
6
Calculate the remainder when 8345 is divided by 70.
15
Calculate the remainder when 1256 is divided by 47.
34
Calculate the remainder when 73 is divided by 23.
4
Calculate the remainder when 663 is divided by 63.
33
Calculate the remainder when 175 is divided by 14.
7
What is the remainder when 620 is divided by 324?
296
Calculate the remainder when 90 is divided by 33.
24
What is the remainder when 360 is divided by 52?
48
What is the remainder when 5759 is divided by 51?
47
What is the remainder when 6509 is divided by 105?
104
What is the remainder when 226 is divided by 76?
74
What is the remainder when 581 is divided by 271?
39
What is the remainder when 907 is divided by 14?
11
What is the remainder when 180 is divided by 63?
54
What is the remainder when 961 is divided by 39?
25
Calculate the remainder when 163 is divided by 5.
3
Calculate the remainder when 281 is divided by 33.
17
Calculate the remainder when 193 is divided by 14.
11
What is the remainder when 4421 is divided by 31?
19
Calculate the remainder when 986 is divided by 493.
0
What is the remainder when 298 is divided by 15?
13
What is the remainder when 85 is divided by 15?
10
Calculate the remainder when 4003 is divided by 4002.
1
What is the remainder when 5148 is divided by 16?
12
Calculate the remainder when 490 is divided by 34.
14
What is the remainder when 87 is divided by 22?
21
Calculate the remainder when 25 is divided by 11.
3
What is the remainder when 3201 is divided by 1063?
12
Calculate the remainder when 454 is divided by 57.
55
What is the remainder when 2109 is divided by 8?
5
Calculate the remainder when 2426 is divided by 100.
26
What is the remainder when 154 is divided by 80?
74
What is the remainder when 108 is divided by 26?
4
What is the remainder when 15 is divided by 10?
5
What is the remainder when 37 is divided by 17?
3
What is the remainder when 597 is divided by 15?
12
Calculate the remainder when 2110 is divided by 141.
136
Calculate the remainder when 8877 is divided by 37.
34
What is the remainder when 218 is divided by 75?
68
What is the remainder when 29 is divided by 16?
13
What is the remainder when 63 is divided by 13?
11
What is the remainder when 3695 is divided by 74?
69
Calculate the remainder when 149 is divided by 17.
13
Calculate the remainder when 130 is divided by 35.
25
What is the remainder when 109 is divided by 77?
32
What is the remainder when 394 is divided by 275?
119
Calculate the remainder when 5186 is divided by 30.
26
Calculate the remainder when 146 is divided by 45.
11
Calculate the remainder when 202 is divided by 60.
22
Calculate the remainder when 325 is divided by 43.
24
Calculate the remainder when 217 is divided by 11.
8
What is the remainder when 3694 is divided by 88?
86
Calculate the remainder when 837 is divided by 283.
271
What is the remainder when 233 is divided by 34?
29
Calculate the remainder when 152 is divided by 80.
72
Calculate the remainder when 10647 is divided by 16.
7
Calculate the remainder when 227 is divided by 77.
73
What is the remainder when 335 is divided by 86?
77
Calculate the remainder when 879 is divided by 11.
10
What is the remainder when 2168 is divided by 48?
8
What is the remainder when 49 is divided by 33?
16
Calculate the remainder when 362 is divided by 52.
50
What is the remainder when 236 is divided by 64?
44
What is the remainder when 57 is divided by 16?
9
Calculate the remainder when 35 is divided by 18.
17
Calculate the remainder when 1071 is divided by 37.
35
What is the remainder when 522 is divided by 21?
18
What is the remainder when 19 is divided by 15?
4
Calculate the remainder when 939 is divided by 65.
29
Calculate the remainder when 74 is divided by 38.
36
Calculate the remainder when 2110 is divided by 525.
10
Calculate the remainder when 164 is divided by 23.
3
Calculate the remainder when 333 is divided by 116.
101
Calculate the remainder when 1455 is divided by 481.
12
Calculate the remainder when 34 is divided by 18.
16
What is the remainder when 111 is divided by 35?
6
What is the remainder when 5138 is divided by 513?
8
Calculate the remainder when 104 is divided by 37.
30
What is the remainder when 359 is divided by 253?
106
What is the remainder when 997 is divided by 987?
10
Calculate the remainder when 782 is divided by 377.
28
Calculate the remainder when 139 is divided by 20.
19
What is the remainder when 301 is divided by 19?
16
What is the remainder when 15 is divided by 5?
0
What is the remainder when 75 is divided by 28?
19
What is the remainder when 665 is divided by 218?
11
Calculate the remainder when 990 is divided by 31.
29
What is the remainder when 209 is divided by 5?
4
What is the remainder when 254 is divided by 124?
6
Calculate the remainder when 9 is divided by 9.
0
Calculate the remainder when 30995 is divided by 248.
243
Calculate the remainder when 1119 is divided by 75.
69
What is the remainder when 493 is divided by 2?
1
What is the remainder when 1402 is divided by 87?
10
Calculate the remainder when 807 is divided by 179.
91
What is the remainder when 89 is divided by 4?
1
Calculate the remainder when 357 is divided by 20.
17
Calculate the remainder when 567 is divided by 25.
17
What is the remainder when 1099 is divided by 121?
10
Calculate the remainder when 463 is divided by 87.
28
What is the remainder when 255 is divided by 24?
15
Calculate the remainder when 96 is divided by 35.
26
What is the remainder when 267 is divided by 32?
11
Calculate the remainder when 107 is divided by 12.
11
What is the remainder when 1328 is divided by 111?
107
Calculate the remainder when 104 is divided by 63.
41
What is the remainder when 471 is divided by 8?
7
What is the remainder when 151 is divided by 134?
17
What is the remainder when 155 is divided by 36?
11
What is the remainder when 180 is divided by 37?
32
What is the remainder when 84 is divided by 33?
18
Calculate the remainder when 8831 is divided by 69.
68
Calculate the remainder when 196 is divided by 50.
46
Calculate the remainder when 342 is divided by 5.
2
What is the remainder when 78 is divided by 10?
8
Calculate the remainder when 563 is divided by 116.
99
What is the remainder when 563 is divided by 73?
52
Calculate the remainder when 2381 is divided by 25.
6
Calculate the remainder when 172 is divided by 6.
4
What is the remainder when 65 is divided by 26?
13
Calculate the remainder when 170 is divided by 62.
46
What is the remainder when 336 is divided by 92?
60
Calculate the remainder when 1070 is divided by 218.
198
What is the remainder when 6109 is divided by 32?
29
Calculate the remainder when 680 is divided by 168.
8
What is the remainder when 194 is divided by 39?
38
Calculate the remainder when 63 is divided by 3.
0
What is the remainder when 4540 is divided by 906?
10
What is the remainder when 12668 is divided by 96?
92
Calculate the remainder when 523 is divided by 106.
99
Calculate the remainder when 597 is divided by 86.
81
What is the remainder when 2996 is divided by 996?
8
What is the remainder when 3119 is divided by 20?
19
Calculate the remainder when 1603 is divided by 15.
13
What is the remainder when 143 is divided by 73?
70
What is the remainder when 360 is divided by 28?
24
Calculate the remainder when 152 is divided by 54.
44
Calculate the remainder when 968 is divided by 7.
2
Calculate the remainder when 1574 is divided by 175.
174
Calculate the remainder when 1072 is divided by 123.
88
Calculate the remainder when 2633 is divided by 17.
15
Calculate the remainder when 125 is divided by 86.
39
Calculate the remainder when 458 is divided by 46.
44
What is the remainder when 33 is divided by 17?
16
Calculate the remainder when 2482 is divided by 34.
0
Calculate the remainder when 2182 is divided by 723.
13
Calculate the remainder when 1696 is divided by 51.
13
What is the remainder when 1545 is divided by 119?
117
Calculate the remainder when 485 is divided by 18.
17
What is the remainder when 39367 is divided by 259?
258
Calculate the remainder when 2508 is divided by 228.
0
What is the remainder when 826 is divided by 51?
10
What is the rem